he prime factors of k?
2, 3
Let x be (0 - -4)*(14 + -12). Suppose 4*b - 200 = -3*w, -141 = -2*w + x*b - 3*b. What are the prime factors of w?
2, 17
Suppose 0*t = -t + 5. Suppose 0*r + t*r - 210 = 0. What are the prime factors of r?
2, 3, 7
List the prime factors of (-1060)/(-2) - (-7 - -13).
2, 131
Suppose 0 = 5*m - 6*m + 117. Let t = m - 51. What are the prime factors of t?
2, 3, 11
Suppose -4*s - 8 + 0 = 0. Let p be (s - -4 - 2)/1. List the prime factors of (2*21 - p)/2.
3, 7
Let m be 1/(-1) + 1*(5 - 8). What are the prime factors of m*(-5)/(-3)*12/(-5)?
2
Suppose -3*r - 2 = -23. Let v = r - 4. What are the prime factors of 1 - (0/v - 34)?
5, 7
Suppose 2*r - 13 = -2*t + 7, 3*r - 20 = -2*t. Let b = t - 8. Suppose 5*s - 20 = -0*s, 3*z - 130 = b*s. List the prime factors of z.
2, 23
Suppose 2*j + 1 = -3. Let o = 9 - 9. Let r = o - j. List the prime factors of r.
2
Let z = -49 - 27. Let x = 139 + z. List the prime factors of x.
3, 7
Let a = -818 + 2029. What are the prime factors of a?
7, 173
Let c(x) = x + 19. Suppose 38 = -5*s - 7. Let d be c(s). List the prime factors of 88/(-3)*(-15)/d.
2, 11
What are the prime factors of (510/(-12))/((-10)/120)?
2, 3, 5, 17
Let o be (3 + -4)*-11 - 0. Suppose 0 = 2*p + 3 + o. Let l = p + 22. What are the prime factors of l?
3, 5
List the prime factors of (2 - 1)*(12 - -230).
2, 11
Let g be -3 + 16 + -1 + 1. Let d = g + -11. Suppose d*s = -3*s + 55. What are the prime factors of s?
11
Let s(x) = 223*x - 51. What are the prime factors of s(10)?
2179
Suppose 20*c = 1721 + 4339. List the prime factors of c.
3, 101
What are the prime factors of (1807 - (-5 - 3)) + 0?
3, 5, 11
Suppose 0 = 23*p - 13821 - 2. List the prime factors of p.
601
What are the prime factors of (4 + -3211)/((-8)/4 - 1)?
1069
Suppose -5*f + f = -16. Let l(p) = -f + 2*p - 7*p + 11*p. What are the prime factors of l(10)?
2, 7
Let a(h) = h**2 - h. Let g be a(0). Suppose g = -j - 7 + 2. Let s(t) = -6*t - 5. List the prime factors of s(j).
5
Suppose 6*v = -7*v - 91. Let c be ((-1)/1)/((-2)/82). Let j = c + v. List the prime factors of j.
2, 17
Let k(d) = -4*d + 13. Let f be k(5). Let q = 90 - f. What are the prime factors of q?
97
Let k = 7 - 10. Let d be (-22)/(k + 0 + 1). Suppose 0 = -3*c - 4*a + d, 3*c = a + 4 + 12. What are the prime factors of c?
5
Suppose 3*l = 15, -6*v - 253 = -3*v - 2*l. List the prime factors of v/6*(-96)/18.
2, 3
Suppose 3*y = -y + 136. Suppose -434 = -4*x + y. Suppose 5*l + 12 - x = 0. List the prime factors of l.
3, 7
Suppose 2*n + 5*g + 16 = -27, 0 = -n + 5*g + 16. What are the prime factors of (-11 - n)*-1*11?
2, 11
Let w be 9/(-3) + 3 - -2. Suppose 13*h = 15*h - 4. Suppose 3*i - 18 = -i + 2*m, -h*m - 14 = -w*i. List the prime factors of i.
2
Suppose -3*h + 1403 = -5*s + 109, 0 = -3*h - 3*s + 1326. List the prime factors of h.
2, 3, 73
Let t(v) = -40*v - 2. Let x be t(9). Let n = -50 - x. What are the prime factors of n?
2, 3, 13
Suppose -40*s + 45*s + 15 = 0, -4*m = 5*s + 7. Let h = -1 - -5. Suppose -h*c + 216 = m*c. What are the prime factors of c?
2, 3
Let o(z) = -175*z - 10. Let d be o(-3). Suppose 5*i - d = 2*q, 0*q + 5*q = -2*i + 177. What are the prime factors of i?
101
Let t = 4558 - -1037. What are the prime factors of t?
3, 5, 373
Suppose 2*j - 20 = -3*d, 2*j - 5 = 3. Suppose -664 = -4*z - d*z. What are the prime factors of z?
83
Suppose 37*p - 20377 = -4*p. List the prime factors of p.
7, 71
Suppose 1118*x + 16216 = 1126*x. What are the prime factors of x?
2027
Let y(z) = -3*z**2 + z**3 - 1 - 2*z**2 + 5*z + 4. Let r be 10/(2 - (4 + -4)). List the prime factors of y(r).
2, 7
Let u = 1052 - -49. List the prime factors of u.
3, 367
Let u(i) = 68*i + 2. Let f(w) = -w**2 + 2*w + 1. Let l be f(0). List the prime factors of u(l).
2, 5, 7
Suppose 3*v - 65 = -4*l, 0 = -3*l + v + 3*v + 30. Suppose 60 + l = s. Suppose -7*t - s = -361. What are the prime factors of t?
41
Let m(p) = 4*p**2 - 2*p + 4. Let x be m(-3). Suppose 2*c - c - x = 0. List the prime factors of c.
2, 23
Let x(u) = -4*u + 163. List the prime factors of x(14).
107
Let j = -39 + 46. Suppose -j*c + 4*c + 21 = 0. What are the prime factors of c?
7
Suppose 0 = -5*n + 1138 + 452. Suppose 56 - n = -4*k - 2*q, 3*k - 3*q = 183. What are the prime factors of k?
2
Let b(k) = 2*k + 137. What are the prime factors of b(23)?
3, 61
Let k = -15 - -31. Let a be k/(-6)*(-15)/10. Suppose 0 = -3*o + a*r + 94, -5*o + 17 = 2*r - 183. List the prime factors of o.
2, 19
Suppose 0*p = -p. Suppose p*t + t - q = 3, 8 = 3*t - 2*q. Let z(o) = 11*o**2 - o. List the prime factors of z(t).
2, 3, 7
Suppose 2*k = 0, 2*k + 4 = 4*y + 116. What are the prime factors of (0 + (-8)/y)*7?
2
List the prime factors of (-885 - 24)*33/(-9).
3, 11, 101
Suppose -102*c = -89*c - 35646. What are the prime factors of c?
2, 3, 457
List the prime factors of -18*(-28)/105*330.
2, 3, 11
Let v be ((-26)/(-3))/((-6)/9). Let k = 52 + v. Let i = -7 + k. List the prime factors of i.
2
Suppose -3*i + 2 = -7. Suppose t + 54 = i*t. What are the prime factors of t?
3
Suppose 4*p - 220 = -p. Suppose -7*b + 229 + p = 0. List the prime factors of b.
3, 13
Suppose 3*q = -2*s + 8, -s + 5*q = 4*q + 6. Let b = 17 - s. List the prime factors of b.
19
Suppose 5*n = 4*f + f + 1410, 5*n = f + 1390. List the prime factors of n.
277
Let o = 262 + -1. What are the prime factors of o?
3, 29
Let t(s) = s**3 + 12*s**2 - 10*s + 13. Let r be t(-10). Let w = -161 + r. List the prime factors of w.
2, 19
Let d(x) = -x**3 + x**2 + x + 8. Let t be d(0). Suppose t*z - 7*z = 33. Let j = z - 22. What are the prime factors of j?
11
Suppose 6*h = 2*h + 5*j + 11, -2*h + 13 = -5*j. List the prime factors of -1 + 80 + 3 + h.
3
Suppose 3431 + 1009 = 10*n. List the prime factors of n.
2, 3, 37
Let g = 801 + -299. List the prime factors of g.
2, 251
Let r(d) = 3 - 4 + 5 + 2 + 7*d. What are the prime factors of r(4)?
2, 17
Let p(g) = -28*g - 14 + 11*g + 3*g + 5*g. Let l be 4*(9/2)/(-3). What are the prime factors of p(l)?
2, 5
Suppose 0 = -o - o - 0*o. Suppose 3*u - 9 - 6 = o, 0 = -2*y - 5*u + 91. List the prime factors of y.
3, 11
Let l be (0 - 16/(-5))/((-6)/(-120)). Suppose -s - l = -3*s. What are the prime factors of s?
2
Let w(r) = 10*r**3 + 5*r**2 - 7*r + 5. Suppose 2 = q + z - 4, -3*q + 4*z - 10 = 0. List the prime factors of w(q).
7, 13
Suppose -2*a + 343 = -a. Suppose 0*m = -4*c + 5*m + a, -152 = -2*c - 4*m. What are the prime factors of c?
2, 41
Let k be (-5 + 2)/((-9)/15). Suppose -2*b = k*o - 423, 245 + 181 = 5*o - b. List the prime factors of o.
5, 17
Suppose -4*z + 3*c = z + 106, 2*c = z + 24. Let v = 32 + z. List the prime factors of v.
2, 3
Let p = 501 - 43. List the prime factors of p.
2, 229
Suppose 165 = 4*f + 3*s - 3015, 5*f - 3975 = -5*s. Suppose -11*o + f = -1658. List the prime factors of o.
223
Suppose 6*j - j + 95 = 0. Let y = -9 - j. List the prime factors of (-2)/y + (-464)/(-20).
23
Suppose -o - 3*o = 2*q - 14, -5*o - 4*q = -13. Suppose 2*p - o*p = -120. List the prime factors of p.
2, 5
Let f = 11 + -18. Let m be (-63)/(-5) + 4 + (-54)/15. Let t = m + f. List the prime factors of t.
2, 3
Let m = 82 + -146. What are the prime factors of (-7240)/m + (-1)/8?
113
Let q = 1393 + -891. What are the prime factors of q?
2, 251
Suppose 0 = -12*u - 14526 + 41586. List the prime factors of u.
5, 11, 41
Let l(k) = k**3 + 9*k**2 - 4*k + 5. Let s be 1/(-3)*(13 + 8). Let p be l(s). Let o = -71 + p. List the prime factors of o.
2, 3, 5
Let a(r) = -3*r + 9. Let k be a(0). List the prime factors of (k*-25)/(-3) - -3.
2, 3, 13
Let x = -2013 + 4746. List the prime factors of x.
3, 911
Suppose -14*h + 8*h = -2394. List the prime factors of h.
3, 7, 19
Suppose -g - 3*g - 3*d = -1188, 5*g + d = 1496. Suppose -w - g = -5*w. Suppose -w - 23 = -2*s. What are the prime factors of s?
7
Let y be (8/(-10))/(60/(-2850)). Let c = y - -139. List the prime factors of c.
3, 59
List the prime factors of ((-27000)/(-81))/(10/45).
2, 3, 5
Suppose -a = 2*w - 83, 2*w + 4*a - 215 = -3*w. Suppose -b = 4*t + 197, -2*b - w + 184 = -3*t. Let p = 112 + t. What are the prime factors of p?
3, 7
Let b = 204 - 10. Suppose -5*u - 204 = -10*u - 2*z, 3*z + b = 5*u. What are the prime factors of u?
2, 5
Suppose -b - 2100 = -3*b + 2*h, -4*h = 0. List the prime fact